{"id":30,"date":"2025-01-22T13:21:21","date_gmt":"2025-01-22T12:21:21","guid":{"rendered":"http:\/\/www.bconstruction-rehab.com\/?page_id=30"},"modified":"2025-02-11T10:30:49","modified_gmt":"2025-02-11T09:30:49","slug":"politique-de-confidentialite","status":"publish","type":"page","link":"https:\/\/www.bconstruction-rehab.com\/index.php\/politique-de-confidentialite\/","title":{"rendered":"Politique de confidentialit\u00e9"},"content":{"rendered":"\t\t<div data-elementor-type=\"wp-page\" data-elementor-id=\"30\" class=\"elementor elementor-30\" data-elementor-settings=\"{&quot;ha_cmc_init_switcher&quot;:&quot;no&quot;}\">\n\t\t\t\t<div class=\"elementor-element elementor-element-7ab6eb8 e-flex e-con-boxed e-con e-parent\" data-id=\"7ab6eb8\" data-element_type=\"container\" data-settings=\"{&quot;_ha_eqh_enable&quot;:false}\">\n\t\t\t\t\t<div class=\"e-con-inner\">\n\t\t\t\t<div class=\"elementor-element elementor-element-c019433 elementor-widget elementor-widget-heading\" data-id=\"c019433\" data-element_type=\"widget\" data-widget_type=\"heading.default\">\n\t\t\t\t<div class=\"elementor-widget-container\">\n\t\t\t\t\t<h1 class=\"elementor-heading-title elementor-size-default\">Politique de confidentialit\u00e9<\/h1>\t\t\t\t<\/div>\n\t\t\t\t<\/div>\n\t\t\t\t<div class=\"elementor-element elementor-element-2c4beaa elementor-widget-divider--view-line elementor-widget elementor-widget-divider\" data-id=\"2c4beaa\" data-element_type=\"widget\" data-widget_type=\"divider.default\">\n\t\t\t\t<div class=\"elementor-widget-container\">\n\t\t\t\t\t\t\t<div class=\"elementor-divider\">\n\t\t\t<span class=\"elementor-divider-separator\">\n\t\t\t\t\t\t<\/span>\n\t\t<\/div>\n\t\t\t\t\t\t<\/div>\n\t\t\t\t<\/div>\n\t\t\t\t\t<\/div>\n\t\t\t\t<\/div>\n\t\t<div class=\"elementor-element elementor-element-c715576 e-flex e-con-boxed e-con e-parent\" data-id=\"c715576\" data-element_type=\"container\" data-settings=\"{&quot;_ha_eqh_enable&quot;:false}\">\n\t\t\t\t\t<div class=\"e-con-inner\">\n\t\t\t\t<div class=\"elementor-element elementor-element-aa37c9b elementor-widget elementor-widget-text-editor\" data-id=\"aa37c9b\" data-element_type=\"widget\" data-widget_type=\"text-editor.default\">\n\t\t\t\t<div class=\"elementor-widget-container\">\n\t\t\t\t\t\t\t\t\t<h2><strong>Article 1 :<\/strong>\u00a0Pr\u00e9ambule<\/h2><p>Cette politique de confidentialit\u00e9 s\u2019applique au site : <strong>Building Construction<\/strong>.<\/p><p>La pr\u00e9sente politique de confidentialit\u00e9 a pour but d\u2019exposer aux utilisateurs du site :<\/p><ul><li>La mani\u00e8re dont sont collect\u00e9es et trait\u00e9es leurs donn\u00e9es \u00e0 caract\u00e8re personnel. Doivent \u00eatre consid\u00e9r\u00e9es comme donn\u00e9es personnelles toutes les donn\u00e9es \u00e9tant susceptibles d\u2019identifier un utilisateur. Il s\u2019agit notamment du pr\u00e9nom et du nom, de l\u2019adresse postale, de l\u2019adresse email, la localisation de l\u2019utilisateur ou encore son adresse IP;<\/li><li>Quels sont les droits des utilisateurs concernant ces donn\u00e9es;<\/li><li>Qui est responsable du traitement des donn\u00e9es \u00e0 caract\u00e8re personnel collect\u00e9es et trait\u00e9es;<\/li><li>A qui ces donn\u00e9es sont transmises;<\/li><li>\u00c9ventuellement, la politique du site en mati\u00e8re de fichiers \u201ccookies\u201d<\/li><\/ul><p>Cette politique de confidentialit\u00e9 compl\u00e8te les mentions l\u00e9gales et Conditions G\u00e9n\u00e9rales de Vente que les utilisateurs peuvent consulter \u00e0 l\u2019adresse ci-apr\u00e8s : <span style=\"color: #000000;\"><a style=\"color: #000000;\" href=\"http:\/\/www.bconstruction-rehab.com\/index.php\/mentions-legales\/\">http:\/\/www.bconstruction-rehab.com\/mentions-l\u00e9gales\/<\/a><\/span><\/p><h2><strong>Article 2 :\u00a0Principes g\u00e9n\u00e9raux en mati\u00e8re de collecte et de traitement de donn\u00e9es<\/strong><\/h2><p>Conform\u00e9ment aux dispositions de l\u2019article 5 du R\u00e8glement europ\u00e9en 2016\/679, la collecte et le traitement des donn\u00e9es des utilisateurs du site respectent les principes suivants :<\/p><ul><li>Lic\u00e9it\u00e9, loyaut\u00e9 et transparence : les donn\u00e9es ne peuvent \u00eatre collect\u00e9es et trait\u00e9es qu\u2019avec le consentement de l\u2019utilisateur propri\u00e9taire des donn\u00e9es. A chaque fois que des donn\u00e9es \u00e0 caract\u00e8re personnel seront collect\u00e9es, il sera indiqu\u00e9 \u00e0 l\u2019utilisateur que ses donn\u00e9es sont collect\u00e9es, et pour quelles raisons ses donn\u00e9es sont collect\u00e9es;<\/li><li>Finalit\u00e9s limit\u00e9es : la collecte et le traitement des donn\u00e9es sont ex\u00e9cut\u00e9s pour r\u00e9pondre \u00e0 un ou plusieurs objectifs d\u00e9termin\u00e9s dans les pr\u00e9sentes conditions g\u00e9n\u00e9rales d\u2019utilisation;<\/li><li>Minimisation de la collecte et du traitement des donn\u00e9es : seules les donn\u00e9es n\u00e9cessaires \u00e0 la bonne ex\u00e9cution des objectifs poursuivis par le site sont collect\u00e9es;<\/li><li>Conservation des donn\u00e9es r\u00e9duites dans le temps : les donn\u00e9es sont conserv\u00e9es pour une dur\u00e9e limit\u00e9e, dont l\u2019utilisateur est inform\u00e9.<\/li><li>Int\u00e9grit\u00e9 et confidentialit\u00e9 des donn\u00e9es collect\u00e9es et trait\u00e9es : le responsable du traitement des donn\u00e9es s\u2019engage \u00e0 garantir l\u2019int\u00e9grit\u00e9 et la confidentialit\u00e9 des donn\u00e9es collect\u00e9es.<\/li><\/ul><p>Afin d\u2019\u00eatre licites, et ce conform\u00e9ment aux exigences de l\u2019article 6 du r\u00e8glement europ\u00e9en 2016\/679, la collecte et le traitement des donn\u00e9es \u00e0 caract\u00e8re personnel ne pourront intervenir que s\u2019ils respectent au moins l\u2019une des conditions ci-apr\u00e8s \u00e9num\u00e9r\u00e9es :<\/p><ul><li>L\u2019utilisateur a express\u00e9ment consenti au traitement;<\/li><li>Le traitement est n\u00e9cessaire \u00e0 la bonne ex\u00e9cution d\u2019un contrat;<\/li><li>Le traitement r\u00e9pond \u00e0 une obligation l\u00e9gale;<\/li><li>Le traitement s\u2019explique par une n\u00e9cessit\u00e9 li\u00e9e \u00e0 la sauvegarde des int\u00e9r\u00eats vitaux de la personne concern\u00e9e ou d\u2019une autre personne physique;<\/li><li>Le traitement peut s\u2019expliquer par une n\u00e9cessit\u00e9 li\u00e9e \u00e0 l\u2019ex\u00e9cution d\u2019une mission d\u2019int\u00e9r\u00eat public ou qui rel\u00e8ve de l\u2019exercice de l\u2019autorit\u00e9 publique;<\/li><li>Le traitement et la collecte des donn\u00e9es \u00e0 caract\u00e8re personnel sont n\u00e9cessaires aux fins des int\u00e9r\u00eats l\u00e9gitimes et priv\u00e9s poursuivis par le responsable du traitement ou par un tiers.<\/li><\/ul><h2>Cookies :<\/h2><p>Nous utilisons les cookies afin de fournir les services et fonctionnalit\u00e9s propos\u00e9s sur notre site et afin d\u2019am\u00e9liorer l\u2019exp\u00e9rience de nos utilisateurs. Les cookies sont des donn\u00e9es qui sont t\u00e9l\u00e9charg\u00e9s ou stock\u00e9s sur votre ordinateur ou sur tout autre appareil.<\/p><p>En cliquant sur \u201dJ\u2019ai compris\u201d, vous acceptez l\u2019utilisation des cookies. Vous pourrez toujours les d\u00e9sactiver ult\u00e9rieurement. Si vous supprimez ou d\u00e9sactivez nos cookies, vous pourriez rencontrer des interruptions ou des probl\u00e8mes d\u2019acc\u00e8s au site.<\/p><h2><strong>Article 3 :\u00a0Donn\u00e9es \u00e0 caract\u00e8re personnel collect\u00e9es et trait\u00e9es dans le cadre de la navigation sur le site<\/strong><\/h2><h3>A. DONN\u00c9ES COLLECT\u00c9ES ET TRAIT\u00c9ES ET MODE DE COLLECTE<\/h3><p>Les donn\u00e9es \u00e0 caract\u00e8re personnel collect\u00e9es sur le site <strong>Building Construction<\/strong> sont les suivantes :<br \/>Nom, Pr\u00e9nom, Adresse postale, Coordonn\u00e9es bancaires, Num\u00e9ro de t\u00e9l\u00e9phone, E-mail<br \/>Ces donn\u00e9es sont collect\u00e9es lorsque l\u2019utilisateur effectue l\u2019une des op\u00e9rations suivantes sur le site :<br \/>Lorsque l\u2019utilisateur se connecte au site, lorsque l\u2019utilisateur passe une commande, lorsque l\u2019utilisateur s\u2019abonne \u00e0 la newsletter.<br \/>Par ailleurs, lors d\u2019un paiement sur le site, il sera conserv\u00e9 dans les syst\u00e8mes informatiques de l\u2019\u00e9diteur du site une preuve de la transaction comprenant le bon de commande et la facture.<br \/>Le responsable du traitement conservera dans ses syst\u00e8mes informatiques du site et dans des conditions raisonnables de s\u00e9curit\u00e9 l\u2019ensemble des donn\u00e9es collect\u00e9es pour une dur\u00e9e de : 6 mois.<br \/>La collecte et le traitement des donn\u00e9es r\u00e9pondent aux finalit\u00e9s suivantes :<br \/>Les donn\u00e9es de noms, pr\u00e9noms, adresse postale, coordonn\u00e9es bancaires, t\u00e9l\u00e9phone et email sont utilis\u00e9es afin de pouvoir envoyer les commandes \u00e0 bonne destination apr\u00e8s avoir re\u00e7u le paiement. Les coordonn\u00e9es d\u2019adresse email sont utilis\u00e9es afin d\u2019envoyer les factures et suivis de commande et \u00e9galement d\u2019envoyer des emails marketing \u00e0 l\u2019utilisateur.<\/p><h3><strong>B. TRANSMISSION DES DONN\u00c9ES A DES TIERS<\/strong><\/h3><p>Les donn\u00e9es peuvent \u00eatre transmises aux tiers ci-apr\u00e8s \u00e9num\u00e9r\u00e9s : Monext, Vivawallet, Fiducial, Sendinblue \/ Mailjet, Google, Avis V\u00e9rifi\u00e9s, Kwanko, Mondial Relais, DPD,<\/p><h3>C. H\u00c9BERGEMENT DES DONN\u00c9ES<\/h3><p>Le site <strong>Building Construction<\/strong> est h\u00e9berg\u00e9 par :<\/p><p><strong>LWS<\/strong>\u00a0(<a href=\"http:\/\/www.lws.fr\/\">www.lws.fr<\/a>\u00a0\u2013 Ligne Web Services)<\/p><p>S.A.R.L au capital de 500 000 Euros<br \/>10, RUE PENTHIEVRE<br \/>75008 PARIS<br \/>FRANCE<\/p><p>RCS Paris B 851 993 683 00024 \u2013 APE 6311Z<br \/>TVA intra: FR21 851 993 683<br \/>SIRET 85199368300024<\/p><p>Les donn\u00e9es collect\u00e9es et trait\u00e9es par le site sont exclusivement h\u00e9berg\u00e9es et trait\u00e9es en France.<\/p><h2><strong>Article 4 :<\/strong>\u00a0Responsable du traitement des donn\u00e9es<\/h2><h3>A. LE RESPONSABLE DU TRAITEMENT DES DONN\u00c9ES<\/h3><p>Le service responsable du traitement des donn\u00e9es \u00e0 caract\u00e8re personnel peut \u00eatre contact\u00e9 de la mani\u00e8re suivante :\u00a0<a style=\"font-weight: var( --e-global-typography-text-font-weight ); text-align: var(--text-align); background-color: var(--nv-site-bg); font-size: var(--bodyfontsize); letter-spacing: var(--bodyletterspacing); text-transform: var(--bodytexttransform); --linkdeco: none; opacity: 0.9; align-items: var(--icon-vertical-align,center); display: inline !important; width: 290.833px; font-family: Poppins, sans-serif; justify-content: flex-start;\" href=\"mailto:contact@bconstruction-rehab.com\"><span class=\"elementor-icon-list-text\" style=\"align-self: center; padding-inline-start: 5px; transition: color 0.3s; display: inline !important;\"><span style=\"color: #333333;\">contact@bconstruction-rehab.com<\/span><\/span><\/a><span style=\"background-color: var(--nv-site-bg); color: var( --e-global-color-nvdarkbg ); font-family: var( --e-global-typography-text-font-family ), Sans-serif; font-size: var(--bodyfontsize); font-weight: var( --e-global-typography-text-font-weight ); letter-spacing: var(--bodyletterspacing); text-align: var(--text-align); text-transform: var(--bodytexttransform);\">\u00a0Le responsable du traitement des donn\u00e9es est charg\u00e9 de d\u00e9terminer les finalit\u00e9s et les moyens mis au service du traitement des donn\u00e9es \u00e0 caract\u00e8re personnel.<\/span><\/p><h3>B. OBLIGATIONS DU RESPONSABLE DU TRAITEMENT DES DONN\u00c9ES<\/h3><p>Le responsable du traitement s\u2019engage \u00e0 prot\u00e9ger les donn\u00e9es \u00e0 caract\u00e8re personnel collect\u00e9es, \u00e0 ne pas les transmettre \u00e0 des tiers sans que l\u2019utilisateur n\u2019en ait \u00e9t\u00e9 inform\u00e9 et \u00e0 respecter les finalit\u00e9s pour lesquelles ces donn\u00e9es sont collect\u00e9es.<br \/>Le site dispose d\u2019un certificat SSL afin de garantir que les infirmations et le transfert des donn\u00e9es transitant par le site sont s\u00e9curis\u00e9s.<br \/>Un certificat SSL (\u201cSecure Socket Layer\u201d Certificate) a pour but de s\u00e9curiser les donn\u00e9es \u00e9chang\u00e9es entre l\u2019utilisateur et le site.<br \/>De plus, le responsable du traitement des donn\u00e9es s\u2019engage \u00e0 notifier l\u2019utilisateur en cas de rectification ou de suppression des donn\u00e9es, \u00e0 moins que cela n\u2019entra\u00eene pour lui des formalit\u00e9s, co\u00fbts et d\u00e9marches disproportionn\u00e9s.<br \/>Dans le cas o\u00f9 l\u2019int\u00e9grit\u00e9, la confidentialit\u00e9 ou la s\u00e9curit\u00e9 des donn\u00e9es \u00e0 caract\u00e8re personnel de l\u2019utilisateur est compromise, le responsable du traitement s\u2019engage \u00e0 informer l\u2019utilisateur par tout moyen.<\/p><h2><strong>Article 5 :<\/strong>\u00a0Droits de l\u2019utilisateur<\/h2><p>Conform\u00e9ment \u00e0 la r\u00e9glementation concernant le traitement des donn\u00e9es \u00e0 caract\u00e8re personnel, l\u2019utilisateur poss\u00e8de le droit ci-apr\u00e8s \u00e9num\u00e9r\u00e9s.<br \/>Afin que le responsable du traitement des donn\u00e9es fasse droit \u00e0 sa demande, l\u2019utilisateur est tenu de lui communiquer : ses pr\u00e9noms et nom ainsi que son adresse email, et si cela est pertinent, nom num\u00e9ro d\u2019espace personnel ou d\u2019abonn\u00e9.<br \/>Le responsable du traitement des donn\u00e9es est tenu de r\u00e9pondre \u00e0 l\u2019utilisateur dans une d\u00e9lai de 30 (trente) jours maximum.<\/p><h3>A. PR\u00c9SENTATION DES DROITS DE L\u2019UTILISATEUR EN MATI\u00c8RE DE COLLECTE ET TRAITEMENT DE DONN\u00c9ES<\/h3><p>a. Droit d\u2019acc\u00e8s, de rectification et droit \u00e0 l\u2019effacement<br \/>L\u2019utilisateur peut prendre connaissance, mettre \u00e0 jour, modifier ou demander la suppression des donn\u00e9es le concernant, en respectant la proc\u00e9dure ci-apr\u00e8s \u00e9nonc\u00e9e :<br \/>L\u2019utilisateur doit envoyer un email au responsable du traitement des donn\u00e9es personnelles, en pr\u00e9cisant l\u2019objet de sa demande et en utilisant l\u2019adresse email de contact qui lui est fournie plus haut.<br \/>S\u2019il en poss\u00e8de un, l\u2019utilisateur a le droit de demander la suppression de son espace personnel en suivant la proc\u00e9dure suivante :<br \/>L\u2019utilisateur doit envoyer un email au responsable du traitement des donn\u00e9es personnelles, en pr\u00e9cisant son nom d\u2019espace personnel. La demande de suppression des donn\u00e9es sera trait\u00e9e dans un d\u00e9lai de 10 jours ouvr\u00e9s.<\/p><p>b. Droit \u00e0 la portabilit\u00e9 des donn\u00e9es<br \/>L\u2019utilisateur a le droit de demander la portabilit\u00e9 de ses donn\u00e9es personnelles, d\u00e9tenues par le site, vers un autre site, en se conformant \u00e0 la proc\u00e9dure ci-apr\u00e8s :<br \/>L\u2019utilisateur dit faire une demande de portabilit\u00e9 de ses donn\u00e9es personnelles aupr\u00e8s du responsable du traitement des donn\u00e9es, en envoyant un email \u00e0 l\u2019adresse pr\u00e9vue ci-dessus.<\/p><p>c. droit \u00e0 la limitation et \u00e0 l\u2019opposition du traitement des donn\u00e9es<br \/>L\u2019utilisateur a le droit de demander la limitation ou de s\u2019opposer au traitement de ses donn\u00e9es par le site, sans que le site ne puisse refuser, sauf \u00e0 d\u00e9montrer l\u2019existence de motifs l\u00e9gitimes et imp\u00e9rieux, pouvant pr\u00e9valoir sur les int\u00e9r\u00eats et les droits et libert\u00e9s de l\u2019utilisateur.<br \/>Afin de demander la limitation du traitement de ses donn\u00e9es ou de formuler une opposition au traitement de ses donn\u00e9es, l\u2019utilisateur doit suivre la proc\u00e9dure suivante :<br \/>L\u2019utilisateur doit faire une demande de limitation au traitement de ses donn\u00e9es personnelles aupr\u00e8s du responsable du traitement des donn\u00e9es, en envoyant un email \u00e0 l\u2019adresse pr\u00e9vue ci-dessus.<\/p><p>d. Droit de ne pas faire l\u2019objet d\u2019une d\u00e9cision fond\u00e9e exclusivement sur un proc\u00e9d\u00e9 automatis\u00e9<br \/>Conform\u00e9ment aux dispositions du r\u00e8glement 2016\/679, l\u2019utilisateur a le droit de ne pas faire l\u2019objet d\u2019une d\u00e9cision fond\u00e9e exclusivement sur un proc\u00e9d\u00e9 automatis\u00e9 si la d\u00e9cision produit des effets juridiques le concernant, ou l\u2019affecte de mani\u00e8re significative de fa\u00e7on similaire.<\/p><p>e. Droit de d\u00e9terminer le sort des donn\u00e9es apr\u00e8s la mort<br \/>Il est rappel\u00e9 \u00e0 l\u2019utilisateur qu\u2019il peut organiser quel doit \u00eatre le devenir de ses donn\u00e9es collect\u00e9es et trait\u00e9es s\u2019il d\u00e9c\u00e8de, conform\u00e9ment \u00e0 la loi n\u00b02016-1321 du 7 octobre 2016.<\/p><p>f. Droit de saisir l\u2019autorit\u00e9 de contr\u00f4le comp\u00e9tente<br \/>Dans le cas o\u00f9 le responsable du traitement des donn\u00e9es d\u00e9cide de ne pas r\u00e9pondre \u00e0 la demande de l\u2019utilisateur, et que l\u2019utilisateur souhaite contester cette d\u00e9cision, ou, s\u2019il pense qu\u2019il est port\u00e9 atteinte \u00e0 l\u2019un des droits \u00e9num\u00e9r\u00e9s ci-dessus, il est en droit de saisir la CNIL (Commission Nationale de l\u2019Informatique et des Libert\u00e9s,\u00a0<strong><a href=\"https:\/\/www.cnil.fr\/\" target=\"_blank\" rel=\"noopener\">https:\/\/cnil.fr<\/a><\/strong>) ou tout juge comp\u00e9tent.<\/p><h3><strong>Article 6 :<\/strong>\u00a0Conditions de modification de la politique de confidentialit\u00e9<\/h3><p>La pr\u00e9sente politique de confidentialit\u00e9 peut \u00eatre consult\u00e9 \u00e0 tout moment \u00e0 \u2018adresse ci-apr\u00e8s : http:\/\/www.bconstruction-rehab.com\/politique-de-confidentialit\u00e9\/<\/p><p>L\u2019\u00e9diteur du site se r\u00e9serve le droit de la modifier afin de garantir sa conformit\u00e9 avec le droit en vigueur.<br \/>Par cons\u00e9quent, l\u2019utilisateur est invit\u00e9 \u00e0 venir consulter r\u00e9guli\u00e8rement cette politique de confidentialit\u00e9 afin de se tenir inform\u00e9 des derniers changements qui lui seront apport\u00e9s.<\/p>\t\t\t\t\t\t\t\t<\/div>\n\t\t\t\t<\/div>\n\t\t\t\t\t<\/div>\n\t\t\t\t<\/div>\n\t\t\t\t<\/div>\n\t\t","protected":false},"excerpt":{"rendered":"<p>Politique de confidentialit\u00e9 Article 1 :\u00a0Pr\u00e9ambule Cette politique de confidentialit\u00e9 s\u2019applique au site : Building Construction. La pr\u00e9sente politique de confidentialit\u00e9 a pour but d\u2019exposer aux utilisateurs du site : La mani\u00e8re dont sont collect\u00e9es et trait\u00e9es leurs donn\u00e9es \u00e0 caract\u00e8re personnel. Doivent \u00eatre consid\u00e9r\u00e9es comme donn\u00e9es personnelles toutes les donn\u00e9es \u00e9tant susceptibles d\u2019identifier un&hellip;&nbsp;<a href=\"https:\/\/www.bconstruction-rehab.com\/index.php\/politique-de-confidentialite\/\" rel=\"bookmark\">Lire la suite &raquo;<span class=\"screen-reader-text\">Politique de confidentialit\u00e9<\/span><\/a><\/p>\n","protected":false},"author":1,"featured_media":0,"parent":0,"menu_order":0,"comment_status":"closed","ping_status":"closed","template":"page-templates\/template-pagebuilder-full-width.php","meta":{"neve_meta_sidebar":"","neve_meta_container":"","neve_meta_enable_content_width":"","neve_meta_content_width":0,"neve_meta_title_alignment":"","neve_meta_author_avatar":"","neve_post_elements_order":"","neve_meta_disable_header":"","neve_meta_disable_footer":"","neve_meta_disable_title":"","footnotes":""},"class_list":["post-30","page","type-page","status-publish","hentry"],"yoast_head":"<!-- This site is optimized with the Yoast SEO plugin v24.3 - https:\/\/yoast.com\/wordpress\/plugins\/seo\/ -->\n<title>Politique de confidentialit\u00e9 - Building &amp; Construction<\/title>\n<meta name=\"robots\" content=\"index, follow, max-snippet:-1, max-image-preview:large, max-video-preview:-1\" \/>\n<link rel=\"canonical\" href=\"https:\/\/www.bconstruction-rehab.com\/index.php\/politique-de-confidentialite\/\" \/>\n<meta property=\"og:locale\" content=\"fr_FR\" \/>\n<meta property=\"og:type\" content=\"article\" \/>\n<meta property=\"og:title\" content=\"Politique de confidentialit\u00e9 - Building &amp; Construction\" \/>\n<meta property=\"og:description\" content=\"Politique de confidentialit\u00e9 Article 1 :\u00a0Pr\u00e9ambule Cette politique de confidentialit\u00e9 s\u2019applique au site : Building Construction. La pr\u00e9sente politique de confidentialit\u00e9 a pour but d\u2019exposer aux utilisateurs du site : La mani\u00e8re dont sont collect\u00e9es et trait\u00e9es leurs donn\u00e9es \u00e0 caract\u00e8re personnel. Doivent \u00eatre consid\u00e9r\u00e9es comme donn\u00e9es personnelles toutes les donn\u00e9es \u00e9tant susceptibles d\u2019identifier un&hellip;&nbsp;Lire la suite &raquo;Politique de confidentialit\u00e9\" \/>\n<meta property=\"og:url\" content=\"https:\/\/www.bconstruction-rehab.com\/index.php\/politique-de-confidentialite\/\" \/>\n<meta property=\"og:site_name\" content=\"Building &amp; Construction\" \/>\n<meta property=\"article:modified_time\" content=\"2025-02-11T09:30:49+00:00\" \/>\n<meta name=\"twitter:card\" content=\"summary_large_image\" \/>\n<meta name=\"twitter:label1\" content=\"Dur\u00e9e de lecture estim\u00e9e\" \/>\n\t<meta name=\"twitter:data1\" content=\"9 minutes\" \/>\n<script type=\"application\/ld+json\" class=\"yoast-schema-graph\">{\"@context\":\"https:\/\/schema.org\",\"@graph\":[{\"@type\":\"WebPage\",\"@id\":\"https:\/\/www.bconstruction-rehab.com\/index.php\/politique-de-confidentialite\/\",\"url\":\"https:\/\/www.bconstruction-rehab.com\/index.php\/politique-de-confidentialite\/\",\"name\":\"Politique de confidentialit\u00e9 - Building &amp; Construction\",\"isPartOf\":{\"@id\":\"http:\/\/www.bconstruction-rehab.com\/#website\"},\"datePublished\":\"2025-01-22T12:21:21+00:00\",\"dateModified\":\"2025-02-11T09:30:49+00:00\",\"breadcrumb\":{\"@id\":\"https:\/\/www.bconstruction-rehab.com\/index.php\/politique-de-confidentialite\/#breadcrumb\"},\"inLanguage\":\"fr-FR\",\"potentialAction\":[{\"@type\":\"ReadAction\",\"target\":[\"https:\/\/www.bconstruction-rehab.com\/index.php\/politique-de-confidentialite\/\"]}]},{\"@type\":\"BreadcrumbList\",\"@id\":\"https:\/\/www.bconstruction-rehab.com\/index.php\/politique-de-confidentialite\/#breadcrumb\",\"itemListElement\":[{\"@type\":\"ListItem\",\"position\":1,\"name\":\"Accueil\",\"item\":\"https:\/\/www.bconstruction-rehab.com\/\"},{\"@type\":\"ListItem\",\"position\":2,\"name\":\"Politique de confidentialit\u00e9\"}]},{\"@type\":\"WebSite\",\"@id\":\"http:\/\/www.bconstruction-rehab.com\/#website\",\"url\":\"http:\/\/www.bconstruction-rehab.com\/\",\"name\":\"Building &amp; Construction\",\"description\":\"\",\"potentialAction\":[{\"@type\":\"SearchAction\",\"target\":{\"@type\":\"EntryPoint\",\"urlTemplate\":\"http:\/\/www.bconstruction-rehab.com\/?s={search_term_string}\"},\"query-input\":{\"@type\":\"PropertyValueSpecification\",\"valueRequired\":true,\"valueName\":\"search_term_string\"}}],\"inLanguage\":\"fr-FR\"}]}<\/script>\n<!-- \/ Yoast SEO plugin. -->","yoast_head_json":{"title":"Politique de confidentialit\u00e9 - Building &amp; Construction","robots":{"index":"index","follow":"follow","max-snippet":"max-snippet:-1","max-image-preview":"max-image-preview:large","max-video-preview":"max-video-preview:-1"},"canonical":"https:\/\/www.bconstruction-rehab.com\/index.php\/politique-de-confidentialite\/","og_locale":"fr_FR","og_type":"article","og_title":"Politique de confidentialit\u00e9 - Building &amp; Construction","og_description":"Politique de confidentialit\u00e9 Article 1 :\u00a0Pr\u00e9ambule Cette politique de confidentialit\u00e9 s\u2019applique au site : Building Construction. La pr\u00e9sente politique de confidentialit\u00e9 a pour but d\u2019exposer aux utilisateurs du site : La mani\u00e8re dont sont collect\u00e9es et trait\u00e9es leurs donn\u00e9es \u00e0 caract\u00e8re personnel. Doivent \u00eatre consid\u00e9r\u00e9es comme donn\u00e9es personnelles toutes les donn\u00e9es \u00e9tant susceptibles d\u2019identifier un&hellip;&nbsp;Lire la suite &raquo;Politique de confidentialit\u00e9","og_url":"https:\/\/www.bconstruction-rehab.com\/index.php\/politique-de-confidentialite\/","og_site_name":"Building &amp; Construction","article_modified_time":"2025-02-11T09:30:49+00:00","twitter_card":"summary_large_image","twitter_misc":{"Dur\u00e9e de lecture estim\u00e9e":"9 minutes"},"schema":{"@context":"https:\/\/schema.org","@graph":[{"@type":"WebPage","@id":"https:\/\/www.bconstruction-rehab.com\/index.php\/politique-de-confidentialite\/","url":"https:\/\/www.bconstruction-rehab.com\/index.php\/politique-de-confidentialite\/","name":"Politique de confidentialit\u00e9 - Building &amp; Construction","isPartOf":{"@id":"http:\/\/www.bconstruction-rehab.com\/#website"},"datePublished":"2025-01-22T12:21:21+00:00","dateModified":"2025-02-11T09:30:49+00:00","breadcrumb":{"@id":"https:\/\/www.bconstruction-rehab.com\/index.php\/politique-de-confidentialite\/#breadcrumb"},"inLanguage":"fr-FR","potentialAction":[{"@type":"ReadAction","target":["https:\/\/www.bconstruction-rehab.com\/index.php\/politique-de-confidentialite\/"]}]},{"@type":"BreadcrumbList","@id":"https:\/\/www.bconstruction-rehab.com\/index.php\/politique-de-confidentialite\/#breadcrumb","itemListElement":[{"@type":"ListItem","position":1,"name":"Accueil","item":"https:\/\/www.bconstruction-rehab.com\/"},{"@type":"ListItem","position":2,"name":"Politique de confidentialit\u00e9"}]},{"@type":"WebSite","@id":"http:\/\/www.bconstruction-rehab.com\/#website","url":"http:\/\/www.bconstruction-rehab.com\/","name":"Building &amp; Construction","description":"","potentialAction":[{"@type":"SearchAction","target":{"@type":"EntryPoint","urlTemplate":"http:\/\/www.bconstruction-rehab.com\/?s={search_term_string}"},"query-input":{"@type":"PropertyValueSpecification","valueRequired":true,"valueName":"search_term_string"}}],"inLanguage":"fr-FR"}]}},"_links":{"self":[{"href":"https:\/\/www.bconstruction-rehab.com\/index.php\/wp-json\/wp\/v2\/pages\/30","targetHints":{"allow":["GET"]}}],"collection":[{"href":"https:\/\/www.bconstruction-rehab.com\/index.php\/wp-json\/wp\/v2\/pages"}],"about":[{"href":"https:\/\/www.bconstruction-rehab.com\/index.php\/wp-json\/wp\/v2\/types\/page"}],"author":[{"embeddable":true,"href":"https:\/\/www.bconstruction-rehab.com\/index.php\/wp-json\/wp\/v2\/users\/1"}],"replies":[{"embeddable":true,"href":"https:\/\/www.bconstruction-rehab.com\/index.php\/wp-json\/wp\/v2\/comments?post=30"}],"version-history":[{"count":13,"href":"https:\/\/www.bconstruction-rehab.com\/index.php\/wp-json\/wp\/v2\/pages\/30\/revisions"}],"predecessor-version":[{"id":288,"href":"https:\/\/www.bconstruction-rehab.com\/index.php\/wp-json\/wp\/v2\/pages\/30\/revisions\/288"}],"wp:attachment":[{"href":"https:\/\/www.bconstruction-rehab.com\/index.php\/wp-json\/wp\/v2\/media?parent=30"}],"curies":[{"name":"wp","href":"https:\/\/api.w.org\/{rel}","templated":true}]}}